{"id":20,"date":"2018-07-20T09:53:13","date_gmt":"2018-07-20T07:53:13","guid":{"rendered":"https:\/\/www.cmejla.com\/?page_id=20"},"modified":"2025-02-23T23:10:32","modified_gmt":"2025-02-23T22:10:32","slug":"uvod","status":"publish","type":"page","link":"https:\/\/www.cmejla.com\/","title":{"rendered":"\u00favod"},"content":{"rendered":"\t\t<div data-elementor-type=\"wp-page\" data-elementor-id=\"20\" class=\"elementor elementor-20\">\n\t\t\t\t\t\t<section class=\"elementor-section elementor-top-section elementor-element elementor-element-18e1790 animated-slow elementor-section-full_width elementor-section-height-min-height elementor-section-height-default elementor-section-items-middle elementor-invisible\" data-id=\"18e1790\" data-element_type=\"section\" data-e-type=\"section\" data-settings=\"{&quot;animation&quot;:&quot;headShake&quot;,&quot;animation_delay&quot;:200,&quot;background_background&quot;:&quot;slideshow&quot;,&quot;background_slideshow_gallery&quot;:[{&quot;id&quot;:348,&quot;url&quot;:&quot;https:\\\/\\\/www.cmejla.com\\\/wp-content\\\/uploads\\\/2021\\\/11\\\/555555cb.jpg&quot;},{&quot;id&quot;:1127,&quot;url&quot;:&quot;https:\\\/\\\/www.cmejla.com\\\/wp-content\\\/uploads\\\/2022\\\/10\\\/eeeee-1.jpg&quot;}],&quot;background_slideshow_ken_burns&quot;:&quot;yes&quot;,&quot;background_slideshow_slide_duration&quot;:8000,&quot;background_slideshow_loop&quot;:&quot;yes&quot;,&quot;background_slideshow_slide_transition&quot;:&quot;fade&quot;,&quot;background_slideshow_transition_duration&quot;:500,&quot;background_slideshow_ken_burns_zoom_direction&quot;:&quot;in&quot;}\">\n\t\t\t\t\t\t\t<div class=\"elementor-background-overlay\"><\/div>\n\t\t\t\t\t\t\t<div class=\"elementor-container elementor-column-gap-no\">\n\t\t\t\t\t<div class=\"elementor-column elementor-col-100 elementor-top-column elementor-element elementor-element-e3f99c8\" data-id=\"e3f99c8\" data-element_type=\"column\" data-e-type=\"column\">\n\t\t\t<div class=\"elementor-widget-wrap\">\n\t\t\t\t\t\t\t<\/div>\n\t\t<\/div>\n\t\t\t\t\t<\/div>\n\t\t<\/section>\n\t\t\t\t<section class=\"elementor-section elementor-top-section elementor-element elementor-element-209e24a elementor-section-content-middle elementor-section-boxed elementor-section-height-default elementor-section-height-default\" data-id=\"209e24a\" data-element_type=\"section\" data-e-type=\"section\" data-settings=\"{&quot;background_background&quot;:&quot;classic&quot;}\">\n\t\t\t\t\t\t\t<div class=\"elementor-background-overlay\"><\/div>\n\t\t\t\t\t\t\t<div class=\"elementor-container elementor-column-gap-no\">\n\t\t\t\t\t<div class=\"elementor-column elementor-col-100 elementor-top-column elementor-element elementor-element-f909359\" data-id=\"f909359\" data-element_type=\"column\" data-e-type=\"column\">\n\t\t\t<div class=\"elementor-widget-wrap elementor-element-populated\">\n\t\t\t\t\t\t<section class=\"elementor-section elementor-inner-section elementor-element elementor-element-3b70315 elementor-section-content-middle elementor-section-boxed elementor-section-height-default elementor-section-height-default\" data-id=\"3b70315\" data-element_type=\"section\" data-e-type=\"section\">\n\t\t\t\t\t\t<div class=\"elementor-container elementor-column-gap-no\">\n\t\t\t\t\t<div class=\"elementor-column elementor-col-50 elementor-inner-column elementor-element elementor-element-2213125\" data-id=\"2213125\" data-element_type=\"column\" data-e-type=\"column\">\n\t\t\t<div class=\"elementor-widget-wrap\">\n\t\t\t\t\t\t\t<\/div>\n\t\t<\/div>\n\t\t\t\t<div class=\"elementor-column elementor-col-50 elementor-inner-column elementor-element elementor-element-458e67c\" data-id=\"458e67c\" data-element_type=\"column\" data-e-type=\"column\">\n\t\t\t<div class=\"elementor-widget-wrap\">\n\t\t\t\t\t\t\t<\/div>\n\t\t<\/div>\n\t\t\t\t\t<\/div>\n\t\t<\/section>\n\t\t\t\t<div class=\"elementor-element elementor-element-7ecc288 animated-slow elementor-invisible elementor-widget elementor-widget-heading\" data-id=\"7ecc288\" data-element_type=\"widget\" data-e-type=\"widget\" data-settings=\"{&quot;_animation&quot;:&quot;fadeInLeft&quot;,&quot;_animation_delay&quot;:500}\" data-widget_type=\"heading.default\">\n\t\t\t\t<div class=\"elementor-widget-container\">\n\t\t\t\t\t<h2 class=\"elementor-heading-title elementor-size-default\">\u00daVOD<\/h2>\t\t\t\t<\/div>\n\t\t\t\t<\/div>\n\t\t\t\t<section class=\"elementor-section elementor-inner-section elementor-element elementor-element-94ab1b4 elementor-section-content-middle animated-slow elementor-section-boxed elementor-section-height-default elementor-section-height-default elementor-invisible\" data-id=\"94ab1b4\" data-element_type=\"section\" data-e-type=\"section\" data-settings=\"{&quot;background_background&quot;:&quot;classic&quot;,&quot;animation&quot;:&quot;slideInRight&quot;,&quot;animation_delay&quot;:800}\">\n\t\t\t\t\t\t<div class=\"elementor-container elementor-column-gap-no\">\n\t\t\t\t\t<div class=\"elementor-column elementor-col-50 elementor-inner-column elementor-element elementor-element-8525d8d\" data-id=\"8525d8d\" data-element_type=\"column\" data-e-type=\"column\">\n\t\t\t<div class=\"elementor-widget-wrap elementor-element-populated\">\n\t\t\t\t\t\t<div class=\"elementor-element elementor-element-de04ba1 elementor-widget-divider--view-line elementor-widget elementor-widget-divider\" data-id=\"de04ba1\" data-element_type=\"widget\" data-e-type=\"widget\" data-widget_type=\"divider.default\">\n\t\t\t\t<div class=\"elementor-widget-container\">\n\t\t\t\t\t\t\t<div class=\"elementor-divider\">\n\t\t\t<span class=\"elementor-divider-separator\">\n\t\t\t\t\t\t<\/span>\n\t\t<\/div>\n\t\t\t\t\t\t<\/div>\n\t\t\t\t<\/div>\n\t\t\t\t\t<\/div>\n\t\t<\/div>\n\t\t\t\t<div class=\"elementor-column elementor-col-50 elementor-inner-column elementor-element elementor-element-5a9391f\" data-id=\"5a9391f\" data-element_type=\"column\" data-e-type=\"column\">\n\t\t\t<div class=\"elementor-widget-wrap elementor-element-populated\">\n\t\t\t\t\t\t<div class=\"elementor-element elementor-element-892c047 elementor-widget elementor-widget-heading\" data-id=\"892c047\" data-element_type=\"widget\" data-e-type=\"widget\" data-widget_type=\"heading.default\">\n\t\t\t\t<div class=\"elementor-widget-container\">\n\t\t\t\t\t<h6 class=\"elementor-heading-title elementor-size-default\">martin cmejla marty<\/h6>\t\t\t\t<\/div>\n\t\t\t\t<\/div>\n\t\t\t\t\t<\/div>\n\t\t<\/div>\n\t\t\t\t\t<\/div>\n\t\t<\/section>\n\t\t\t\t<div class=\"elementor-element elementor-element-082528c elementor-widget elementor-widget-text-editor\" data-id=\"082528c\" data-element_type=\"widget\" data-e-type=\"widget\" data-widget_type=\"text-editor.default\">\n\t\t\t\t<div class=\"elementor-widget-container\">\n\t\t\t\t\t\t\t\t\t<h4><span data-sr=\"move 0px over 0.5s scale up 15%\" data-sr-id=\"1\"><span data-sr=\"enter top over 1.0s\" data-sr-id=\"2\"><span data-sr=\"enter top over 0.5s\" data-sr-id=\"3\"><span data-sr=\"enter right over 1.5s\" data-sr-id=\"4\"><span data-sr=\"move 0px over 0.5s scale down 15%\" data-sr-id=\"5\"><span data-sr=\"move 0px over 1.5s scale down 15%\" data-sr-id=\"6\"><span style=\"color: #a77d1c;\">&gt;<\/span>\u00a0\u00a0<span data-sr=\"enter bottom over 0.5s\" data-sr-id=\"7\">GR<\/span>AFIKA \u2022 DTP \u2022 SAZBA \u2022 TISK<\/span><\/span><\/span><\/span><\/span><\/span><\/h4><div><span data-sr=\"move 0px over 0.5s scale up 15%\" data-sr-id=\"1\"><span data-sr=\"enter top over 1.0s\" data-sr-id=\"2\"><span data-sr=\"enter top over 0.5s\" data-sr-id=\"3\"><span data-sr=\"enter right over 1.5s\" data-sr-id=\"4\"><span data-sr=\"move 0px over 0.5s scale down 15%\" data-sr-id=\"5\"><span data-sr=\"move 0px over 1.5s scale down 15%\" data-sr-id=\"6\">&gt; grafick\u00e9 pr\u00e1ce &#8211; logo, vizu\u00e1ly, firemn\u00ed identita, kompletn\u00ed po\u010d\u00edta\u010dov\u00e9 zpracov\u00e1n\u00ed s fin\u00e1ln\u00edm zpracov\u00e1n\u00edm pro produk\u010dn\u00ed v\u00fdstupy atd.<\/span><\/span><\/span><\/span><\/span><\/span><\/div><div><h4>\u00a0<\/h4><h4><span data-sr=\"move 0px over 0.5s scale up 15%\" data-sr-id=\"20\"><span style=\"color: #a77d1c;\">&gt;<\/span> VE\u0160KER\u00c1 REKLAMN\u00cd PRODUKCE<\/span><\/h4><div><span data-sr=\"move 0px over 0.5s scale up 15%\" data-sr-id=\"20\">&gt; \u010dasopisy \/ katalogy \/ kompletn\u00ed firemn\u00ed tiskoviny \/ velkoplo\u0161n\u00e9 tisky &#8211; samolepy, desky, bannery, polepy atd.<\/span><\/div><\/div><h4>\u00a0<\/h4><h4><span data-sr=\"move 0px over 0.5s scale up 15%\" data-sr-id=\"8\"><span data-sr=\"enter top over 1.0s\" data-sr-id=\"9\"><span data-sr=\"enter top over 0.5s\" data-sr-id=\"10\"><span data-sr=\"enter right over 1.5s\" data-sr-id=\"11\"><span data-sr=\"move 0px over 0.5s scale down 15%\" data-sr-id=\"12\"><span data-sr=\"move 0px over 1.5s scale down 15%\" data-sr-id=\"13\"><span style=\"color: #a77d1c;\">&gt;<\/span> FOTO<\/span><\/span><\/span><\/span><\/span><\/span><\/h4><div><span data-sr=\"move 0px over 0.5s scale up 15%\" data-sr-id=\"8\"><span data-sr=\"enter top over 1.0s\" data-sr-id=\"9\"><span data-sr=\"enter top over 0.5s\" data-sr-id=\"10\"><span data-sr=\"enter right over 1.5s\" data-sr-id=\"11\"><span data-sr=\"move 0px over 0.5s scale down 15%\" data-sr-id=\"12\"><span data-sr=\"move 0px over 1.5s scale down 15%\" data-sr-id=\"13\">&gt; report\u00e1\u017en\u00ed, ateli\u00e9rov\u00e9, produktov\u00e9 foto s fin\u00e1ln\u00ed \u00fapravou<br \/><\/span><\/span><\/span><\/span><\/span><\/span><br \/><span data-sr=\"move 0px over 0.5s scale up 15%\" data-sr-id=\"8\"><span data-sr=\"enter top over 1.0s\" data-sr-id=\"9\"><span data-sr=\"enter top over 0.5s\" data-sr-id=\"10\"><span data-sr=\"enter right over 1.5s\" data-sr-id=\"11\"><span data-sr=\"move 0px over 0.5s scale down 15%\" data-sr-id=\"12\"><span data-sr=\"move 0px over 1.5s scale down 15%\" data-sr-id=\"13\"><br \/><\/span><\/span><\/span><\/span><\/span><\/span><\/div><h4><span data-sr=\"move 0px over 0.5s scale up 15%\" data-sr-id=\"14\"><span data-sr=\"enter top over 1.0s\" data-sr-id=\"15\"><span data-sr=\"enter top over 0.5s\" data-sr-id=\"16\"><span data-sr=\"enter right over 1.5s\" data-sr-id=\"17\"><span data-sr=\"move 0px over 0.5s scale down 15%\" data-sr-id=\"18\"><span data-sr=\"move 0px over 1.5s scale down 15%\" data-sr-id=\"19\"><span style=\"color: #a77d1c;\">&gt;<\/span>\u00a0webhosting\u00a0\/\u00a0webdesign\u00a0\/\u00a0spr\u00e1va soc. s\u00edt\u00ed<\/span><\/span><\/span><\/span><\/span><\/span><\/h4><div><span data-sr=\"move 0px over 0.5s scale up 15%\" data-sr-id=\"14\"><span data-sr=\"enter top over 1.0s\" data-sr-id=\"15\"><span data-sr=\"enter top over 0.5s\" data-sr-id=\"16\"><span data-sr=\"enter right over 1.5s\" data-sr-id=\"17\"><span data-sr=\"move 0px over 0.5s scale down 15%\" data-sr-id=\"18\"><span data-sr=\"move 0px over 1.5s scale down 15%\" data-sr-id=\"19\">&gt; vlastn\u00ed servery &#8211; webhosting, mailhosting \/ tvorba webov\u00fdch prezentac\u00ed atd.<\/span><\/span><\/span><\/span><\/span><\/span><\/div>\t\t\t\t\t\t\t\t<\/div>\n\t\t\t\t<\/div>\n\t\t\t\t<div class=\"elementor-element elementor-element-53eb637 animated-slow e-transform elementor-invisible elementor-widget elementor-widget-image\" data-id=\"53eb637\" data-element_type=\"widget\" data-e-type=\"widget\" data-settings=\"{&quot;_animation&quot;:&quot;bounceInDown&quot;,&quot;_animation_delay&quot;:2000,&quot;_transform_scale_effect_hover&quot;:{&quot;unit&quot;:&quot;px&quot;,&quot;size&quot;:0.9,&quot;sizes&quot;:[]},&quot;_transform_scale_effect_hover_tablet&quot;:{&quot;unit&quot;:&quot;px&quot;,&quot;size&quot;:&quot;&quot;,&quot;sizes&quot;:[]},&quot;_transform_scale_effect_hover_mobile&quot;:{&quot;unit&quot;:&quot;px&quot;,&quot;size&quot;:&quot;&quot;,&quot;sizes&quot;:[]}}\" data-widget_type=\"image.default\">\n\t\t\t\t<div class=\"elementor-widget-container\">\n\t\t\t\t\t\t\t\t\t\t\t\t\t\t\t<img fetchpriority=\"high\" decoding=\"async\" width=\"500\" height=\"197\" src=\"https:\/\/www.cmejla.com\/wp-content\/uploads\/2022\/01\/marty_laboratorio_FIN_bila.png\" class=\"attachment-large size-large wp-image-682\" alt=\"\" srcset=\"https:\/\/www.cmejla.com\/wp-content\/uploads\/2022\/01\/marty_laboratorio_FIN_bila.png 500w, https:\/\/www.cmejla.com\/wp-content\/uploads\/2022\/01\/marty_laboratorio_FIN_bila-300x118.png 300w\" sizes=\"(max-width: 500px) 100vw, 500px\" \/>\t\t\t\t\t\t\t\t\t\t\t\t\t\t\t<\/div>\n\t\t\t\t<\/div>\n\t\t\t\t\t<\/div>\n\t\t<\/div>\n\t\t\t\t\t<\/div>\n\t\t<\/section>\n\t\t\t\t<section class=\"elementor-section elementor-top-section elementor-element elementor-element-b624686 elementor-section-full_width elementor-section-height-default elementor-section-height-default\" data-id=\"b624686\" data-element_type=\"section\" data-e-type=\"section\" data-settings=\"{&quot;background_background&quot;:&quot;classic&quot;}\">\n\t\t\t\t\t\t<div class=\"elementor-container elementor-column-gap-default\">\n\t\t\t\t\t<div class=\"elementor-column elementor-col-100 elementor-top-column elementor-element elementor-element-790d9ee\" data-id=\"790d9ee\" data-element_type=\"column\" data-e-type=\"column\">\n\t\t\t<div class=\"elementor-widget-wrap elementor-element-populated\">\n\t\t\t\t\t\t<div class=\"elementor-element elementor-element-a5123eb elementor-widget__width-inherit elementor-widget elementor-widget-video\" data-id=\"a5123eb\" data-element_type=\"widget\" data-e-type=\"widget\" data-settings=\"{&quot;video_type&quot;:&quot;hosted&quot;,&quot;autoplay&quot;:&quot;yes&quot;,&quot;play_on_mobile&quot;:&quot;yes&quot;,&quot;loop&quot;:&quot;yes&quot;,&quot;start&quot;:0}\" data-widget_type=\"video.default\">\n\t\t\t\t<div class=\"elementor-widget-container\">\n\t\t\t\t\t\t\t<div class=\"e-hosted-video elementor-wrapper elementor-open-inline\">\n\t\t\t\t\t<video class=\"elementor-video\" src=\"https:\/\/www.cmejla.com\/doc\/meduza.mp4\" autoplay=\"\" loop=\"\" playsinline=\"\" controlsList=\"nodownload\"><\/video>\n\t\t\t\t<\/div>\n\t\t\t\t\t\t<\/div>\n\t\t\t\t<\/div>\n\t\t\t\t\t<\/div>\n\t\t<\/div>\n\t\t\t\t\t<\/div>\n\t\t<\/section>\n\t\t\t\t<\/div>\n\t\t","protected":false},"excerpt":{"rendered":"<p>\u00daVOD martin cmejla marty &gt;\u00a0\u00a0GRAFIKA \u2022 DTP \u2022 SAZBA \u2022 TISK &gt; grafick\u00e9 pr\u00e1ce &#8211; logo, vizu\u00e1ly, firemn\u00ed identita, kompletn\u00ed po\u010d\u00edta\u010dov\u00e9 zpracov\u00e1n\u00ed s fin\u00e1ln\u00edm zpracov\u00e1n\u00edm pro produk\u010dn\u00ed v\u00fdstupy atd. \u00a0 &gt; VE\u0160KER\u00c1 REKLAMN\u00cd PRODUKCE &gt; \u010dasopisy \/ katalogy \/ kompletn\u00ed firemn\u00ed tiskoviny \/ velkoplo\u0161n\u00e9 tisky &#8211; samolepy, desky, bannery, polepy atd. \u00a0 &gt; FOTO &gt; [&hellip;]<\/p>\n","protected":false},"author":1,"featured_media":0,"parent":0,"menu_order":0,"comment_status":"closed","ping_status":"closed","template":"","meta":{"site-sidebar-layout":"no-sidebar","site-content-layout":"page-builder","ast-site-content-layout":"default","site-content-style":"default","site-sidebar-style":"default","ast-global-header-display":"","ast-banner-title-visibility":"","ast-main-header-display":"","ast-hfb-above-header-display":"","ast-hfb-below-header-display":"","ast-hfb-mobile-header-display":"","site-post-title":"disabled","ast-breadcrumbs-content":"","ast-featured-img":"disabled","footer-sml-layout":"disabled","ast-disable-related-posts":"","theme-transparent-header-meta":"enabled","adv-header-id-meta":"","stick-header-meta":"","header-above-stick-meta":"","header-main-stick-meta":"","header-below-stick-meta":"","astra-migrate-meta-layouts":"default","ast-page-background-enabled":"default","ast-page-background-meta":{"desktop":{"background-color":"","background-image":"","background-repeat":"repeat","background-position":"center center","background-size":"auto","background-attachment":"scroll","background-type":"","background-media":"","overlay-type":"","overlay-color":"","overlay-opacity":"","overlay-gradient":""},"tablet":{"background-color":"","background-image":"","background-repeat":"repeat","background-position":"center center","background-size":"auto","background-attachment":"scroll","background-type":"","background-media":"","overlay-type":"","overlay-color":"","overlay-opacity":"","overlay-gradient":""},"mobile":{"background-color":"","background-image":"","background-repeat":"repeat","background-position":"center center","background-size":"auto","background-attachment":"scroll","background-type":"","background-media":"","overlay-type":"","overlay-color":"","overlay-opacity":"","overlay-gradient":""}},"ast-content-background-meta":{"desktop":{"background-color":"var(--ast-global-color-5)","background-image":"","background-repeat":"repeat","background-position":"center center","background-size":"auto","background-attachment":"scroll","background-type":"","background-media":"","overlay-type":"","overlay-color":"","overlay-opacity":"","overlay-gradient":""},"tablet":{"background-color":"var(--ast-global-color-5)","background-image":"","background-repeat":"repeat","background-position":"center center","background-size":"auto","background-attachment":"scroll","background-type":"","background-media":"","overlay-type":"","overlay-color":"","overlay-opacity":"","overlay-gradient":""},"mobile":{"background-color":"var(--ast-global-color-5)","background-image":"","background-repeat":"repeat","background-position":"center center","background-size":"auto","background-attachment":"scroll","background-type":"","background-media":"","overlay-type":"","overlay-color":"","overlay-opacity":"","overlay-gradient":""}},"footnotes":""},"class_list":["post-20","page","type-page","status-publish","hentry"],"_links":{"self":[{"href":"https:\/\/www.cmejla.com\/index.php?rest_route=\/wp\/v2\/pages\/20","targetHints":{"allow":["GET"]}}],"collection":[{"href":"https:\/\/www.cmejla.com\/index.php?rest_route=\/wp\/v2\/pages"}],"about":[{"href":"https:\/\/www.cmejla.com\/index.php?rest_route=\/wp\/v2\/types\/page"}],"author":[{"embeddable":true,"href":"https:\/\/www.cmejla.com\/index.php?rest_route=\/wp\/v2\/users\/1"}],"replies":[{"embeddable":true,"href":"https:\/\/www.cmejla.com\/index.php?rest_route=%2Fwp%2Fv2%2Fcomments&post=20"}],"version-history":[{"count":343,"href":"https:\/\/www.cmejla.com\/index.php?rest_route=\/wp\/v2\/pages\/20\/revisions"}],"predecessor-version":[{"id":1295,"href":"https:\/\/www.cmejla.com\/index.php?rest_route=\/wp\/v2\/pages\/20\/revisions\/1295"}],"wp:attachment":[{"href":"https:\/\/www.cmejla.com\/index.php?rest_route=%2Fwp%2Fv2%2Fmedia&parent=20"}],"curies":[{"name":"wp","href":"https:\/\/api.w.org\/{rel}","templated":true}]}}